5).
15
Let r(a) be the second derivative of -a**4/12 + 5*a**3/2 - 9*a**2/2 - 11*a. Calculate r(14).
5
Let h(m) = m**2 + 4*m - 5. Suppose -2*d + 5 - 1 = 0. Let z(v) = v**2 - 3*v + 2. Let y be z(d). Suppose -3*w + 6 = 0, y*p - 3*p - 9 = 3*w. What is h(p)?
0
Let n = -212 + 208. Let w(y) = y**2 + y + 2. Calculate w(n).
14
Let v(x) = -6*x + x**3 + 12*x**2 + 8 + 7 + 2*x + 5*x. Give v(-12).
3
Let v(a) = 10*a**3 + 2*a**2 + 2*a + 1. Let k = 569 + -570. Calculate v(k).
-9
Let u(n) = n**2 - 10*n - 9. Let l be u(10). Let i(q) = -15*q - 3. Let p(r) = 8*r + 2. Let j(f) = l*p(f) - 5*i(f). What is j(-9)?
-30
Let l(a) = a - 4. Let z(g) = -2*g - 4 + 11 - 12 + 3*g. Let i(f) = 7*l(f) - 6*z(f). Calculate i(6).
8
Let o(f) = 2*f + 1. Let v = -9 - -19. Let i = -2 + v. Suppose -5*t = 4*d - i*d - 24, -d + 19 = 5*t. Give o(t).
9
Let b = -210 + 216. Let r(l) = 3*l - 15. Calculate r(b).
3
Let p(l) be the first derivative of -7*l**2/2 + 5*l - 67. Give p(4).
-23
Let a(x) = -8*x**2 - x - 1. Let h(m) = -16*m**2 - m - 2. Let y(l) = -5*a(l) + 2*h(l). Let d(g) = g**3 + 3*g**2 - 2. Let z be d(-3). Determine y(z).
27
Let k(t) = 2*t**3 + 4*t**2 - t - 2. Let x(n) = n**3 + n**2 - n + 1. Let l = -28 - -16. Let j = l + 13. Let w(r) = j*x(r) - k(r). What is w(-3)?
3
Let k(q) = 30*q - 93. Let h be k(3). Let x(b) = -b**3 - 2*b**2 + 4*b. Determine x(h).
-3
Let d(g) be the second derivative of 0 + 21*g + 11/6*g**3 - 11/2*g**2 - 11/12*g**4 + 1/20*g**5. Give d(10).
-1
Let v(c) = c. Let i be 1*(-1 - -3)*1. Suppose -r + 3 = -5*h - 3*r, -5*r = i*h + 18. Give v(h).
1
Suppose -30*f = -29*f + 13. Let x(q) = q**3 + 13*q**2 - q - 15. Give x(f).
-2
Let c = 36 - 65. Let d = 30 + c. Let w(s) = -1 + 2*s**3 + s**2 + 0*s**3 + s - 5*s**3. Calculate w(d).
-2
Let l(k) = -k - 37 + 24 + 26. Determine l(7).
6
Let p(a) = 5*a**2 - 4*a + 2. Let s be 2*(-1)/(-3)*(-6)/4. Let q(c) = c**2 - c. Let t(m) = s*p(m) + 3*q(m). Calculate t(2).
-8
Let u(f) = -9*f + 111. Let g be u(12). Let j(r) = -r**3 + 2*r**2 + r + 2. Give j(g).
-4
Let a(v) = 11*v**2 + 7*v + 7. Let p(t) = 22*t**2 + 13*t + 13. Let c(k) = -11*a(k) + 6*p(k). Let r = -565 + 564. Give c(r).
11
Let z = 130 - 142. Let j(u) = u + 7. Determine j(z).
-5
Suppose 4 = -2*g + g. Let x be (-1 - 2) + g/((-2)/2). Let o(w) be the second derivative of 7*w**3/6 - w**2/2 - w. Calculate o(x).
6
Suppose 3*d + 6*k - 3*k + 6 = 0, 2*d - 5*k = -18. Suppose -4*w + 29 - 9 = 0. Let h(x) = 4*x - 5 + x**3 + 7*x + 2*x**2 + w*x - 23*x. Give h(d).
-9
Let z(j) = 3*j + 4. Let a(u) = -2*u - 1. Let t(i) = -3*i - 2. Let o(m) = 6*a(m) - 5*t(m). Let k(g) = -6*o(g) + 5*z(g). Calculate k(3).
-13
Let r(p) = 38*p + 18*p + 2 + 1 - 46*p - 5. Determine r(1).
8
Let k(x) = x**3 + 3*x + 12*x**2 - 2*x - 2*x - 6*x**2 - 6 + 4*x. Calculate k(-6).
-24
Suppose 0 = -5*b + 3 + 22. Let v be -2 - 0*b/20. Let f(c) = 2*c - 1. Calculate f(v).
-5
Suppose 0 = -5*c + 5*a + 25, -4*c - 3*a = -0 + 1. Let q(h) = 1 - h**c - 2*h**2 + 2*h**2. Let g be (-1)/4*(3 + -3). Determine q(g).
1
Let l(s) = -2*s**3 + 10*s**2 + 4*s + 3. Let j(k) = 2*k**3 - 8*k**2 - 3*k - 2. Let m(y) = -4*j(y) - 3*l(y). What is m(-1)?
3
Let j(s) = -s**2 - s - 3. Let g(c) = -3*c - 30. Let n be g(-13). Suppose n*i = 2*i. What is j(i)?
-3
Let u be 1 + (2 + 1 - 3)/1. Let v be -2 - (-3 - -1)*-8. Let q be v/24*-8*u. Let a(l) = -l**2 + 5*l + 6. Calculate a(q).
0
Let n(t) = 9*t**2 + 8*t - 11*t**2 + 10 + 5*t**2 - 2*t**2. Determine n(-4).
-6
Let p(t) = -14*t - 3. Let r(k) = 3*k. Let f(a) = -p(a) - 4*r(a). Calculate f(4).
11
Let s(a) = a**3 - a - 1. Suppose -56*f = -45*f. Give s(f).
-1
Let l be (-1)/(-5) - (-284)/355. Let y(a) = -3*a**2 + a. What is y(l)?
-2
Let t be (-1 - -7)*2/3. Suppose 0 = -t*p - 24 + 144. Let n(j) = -15 - 16 - 11*j + p. Determine n(-1).
10
Let t(b) = 20*b**2 - 2*b - 8. Let j(v) = 7*v**2 - v - 3. Let h(a) = -17*j(a) + 6*t(a). Calculate h(5).
53
Suppose 3*j = 2*h + 15, -2*j - 4*h = 2*j. Let q(v) be the second derivative of -v**4/12 + v**3/6 + 3*v**2/2 + 3*v. What is q(j)?
-3
Suppose -16 = -224*b + 220*b. Let z(p) = -2*p + 10. Calculate z(b).
2
Let v(a) = 3*a**2 + 2*a. Let u(p) = -3*p**2 + 10*p - 5. Let d be u(3). Calculate v(d).
8
Let t(n) be the third derivative of n**5/60 - n**4/3 + 7*n**3/3 + 849*n**2. Calculate t(10).
34
Let j be (-6)/(-7)*(-140)/(-30). Suppose 2*f + 4 = -j*b - f, 4*b - 5*f - 28 = 0. Let x(v) = -2*v - 2 + 8*v**2 - 8*v**2 + 3*v**b. What is x(-2)?
14
Suppose 4*m - 2 = -3*l - 1, l - m - 5 = 0. Let u be 9/l + (-3)/(-3). Let i(v) = v**2 - 5*v + 4. What is i(u)?
0
Let o = -6 - -6. Let s(p) = -p + 2 + 2 + o - 1. Let k = -37 - -31. Calculate s(k).
9
Let f(h) = -h**2 + h + 1. Let a(i) = 3*i**2 - 4*i - 2. Let p(t) = 2*a(t) + 7*f(t). What is p(4)?
-17
Suppose 18*b = 19*b - 9. Let v(k) = b + 2*k**2 - 2*k**2 - 2 + k**2 + 6*k. Let f(n) = n**3 - 5*n**2 + 3*n + 4. Let l be f(3). Determine v(l).
2
Let y(a) = -a**3 + a**2 + a - 4. Suppose -4*t + 4*d = -60, -92 + 29 = -3*t - 3*d. Let p be t/9 - (2 + 0/(-2)). Calculate y(p).
-4
Let w be -7*4/(-112) + 57/12. Let v(x) = x**2 - x + 7. What is v(w)?
27
Let b(g) be the first derivative of -g**4/4 - g**3 - 3*g**2/2 - 2*g - 69. What is b(-4)?
26
Let b(w) = -w**3 + 5*w**2 - 2*w + 7. Suppose -4*g - 10 = j - 2, 9 = -3*g. Suppose l = -2*q - 1, -j*l - q + 27 = 10. What is b(l)?
-3
Let u = -21 - -21. Suppose -6*w + 37 + 17 = u. Let v be (-50)/15 + (-6)/w. Let j(k) = k + 1. What is j(v)?
-3
Let o(d) = -2*d**3 - 9*d**2 + 7*d + 3. Let p(y) = -6*y**2 + 3*y - 2. Let c be p(1). Calculate o(c).
-7
Let p(z) = -15*z**3 + 2*z**2 + z. Suppose 4*h + 35 = -3*t - 84, 5*h + 3*t = -145. Let a = h - -25. What is p(a)?
16
Suppose 5*b - 5*p - 30 = 0, 3*b - b = 4*p + 20. Suppose -4*q = -22 + 2. Let k(m) = -4*m + m**2 - q + 1 + 2 + 3. Calculate k(b).
-3
Let n(c) = c**3 + c**2 + c - 1. Let w(v) = -v**3 - 2*v**2 + 4*v + 3. Let m be (-11 - (2 - -1)) + 3. Let h = -14 - m. Let p be w(h). Give n(p).
-1
Let m(x) = 0 - 2*x + 2 + x + 7. Give m(11).
-2
Let t(s) = -s - 6. Let w(p) = 7*p + 53. Let k(r) = -6*t(r) - w(r). What is k(-13)?
-4
Let g(s) = -s**2 - 4*s + 29. Let l(j) = 2*j**2 + 8*j - 57. Let a(k) = -11*g(k) - 6*l(k). What is a(-7)?
2
Let v(h) = -11*h + 10. Let j(k) = -3*k - 1. Let u be j(2). Let y(z) = 6*z - 5. Let t(x) = u*y(x) - 4*v(x). Determine t(5).
5
Let j(t) = 5*t**2 - 9*t - 1. Let y be (7/2)/(-2*1/4). Let k(w) = 9*w**2 - 17*w - 2. Let s(h) = y*j(h) + 4*k(h). Calculate s(6).
5
Let d(v) be the third derivative of v**5/60 - 7*v**4/24 + 5*v**3/6 - 3*v**2 - 2*v. What is d(6)?
-1
Let f(c) = -8*c - 7. Let u(v) = 18*v + 14. Let q(a) = 5*f(a) + 2*u(a). Suppose -w - 1 = 5. Determine q(w).
17
Let i(w) be the first derivative of -5*w**3/3 - w**2 + w + 205. Suppose 0 = 3*q + 4*c - 15, 5*q - 9 - 11 = -5*c. Determine i(q).
-6
Suppose -1 - 8 = 3*j. Let a(d) = -3*d**2 - 2*d + 5. Let u(k) = 16*k**2 + 10*k - 27. Let z(r) = -11*a(r) - 2*u(r). Calculate z(j).
2
Let m(j) = -j**2 - j - 7. Let c(b) = 4*b + 4. Let z be c(5). Suppose 0*y - 4*y = -z. Let s be 18/30 - y/10. Determine m(s).
-7
Let n(f) be the second derivative of -f**5/20 - f**4/12 + f**3/6 - f**2/2 - 279*f. What is n(-2)?
1
Let i(r) = -3 + 9 + 2*r**2 + r - 8 + 2. Calculate i(-2).
6
Let y(l) = -l**3 + 6*l**2 + 9*l + 7. Suppose 0 = 7*f - 36 - 13. Give y(f).
21
Suppose -4*i - 26 = -2. Let b(d) = d**2 + 3*d + 6. Let w be b(0). Let k(t) = -2 - w + 3 - 2 - t. Determine k(i).
-1
Let w(q) = -2*q + 1 + 3*q + 4 - 6 - 6*q**2. Let y(v) = -5*v**2 + 2*v. Let o(m) = 4*w(m) - 5*y(m). Determine o(6).
-4
Let i(z) = -7. Suppose -5*u - 2 = -7. Let p(b) = u + 1 + 3 - b - 4. Let q(r) = -i(r) - p(r). What is q(-4)?
2
Let f(d) be the second derivative of -d**4/12 + d**3/6 - d**2 + 3*d - 120. Calculate f(1).
-2
Suppose -3*f - 10 + 7 = 0. Suppose 0*b = -b + 2. Let v(q) = 4*q**2 + 3*q**2 - 1 - q**b + 0*q**2. Calculate v(f).
5
Let f(i) = i**2 + i**2 - i**2 - 2 + 3 - i**3 - 5. Give f(0).
-4
Let d(l) be the second derivative of -l**4/12 + 4*l**3/3 - 7*l**2/2 + 2*l + 16. Give d(6).
5
Let r(b) = b**3 - b**2. Let q be (9/12)/((-1)/12). Let s(l) = -11*l**2 + 1. Let a be s(-1). Let o = q - a. Calculate r(o).
0
Let q(f) = -27*f - 27. Let p(y) = 5*y + 5. Let l(x) = -11*p(x) - 2*q(x). Let m(c) = c**2 + 6*c - 1. Let u be m(-7). Determine l(u).
-7
Let o(s) be the second derivative of s**4/6 + s**3 + 7*s**2/2 - 20*s + 1. What